t the prime factors of 66139.
19, 59
What are the prime factors of 793?
13, 61
What are the prime factors of 1895?
5, 379
List the prime factors of 905.
5, 181
List the prime factors of 27491.
37, 743
What are the prime factors of 56953?
13, 337
List the prime factors of 7057.
7057
What are the prime factors of 982?
2, 491
List the prime factors of 5057.
13, 389
What are the prime factors of 3392?
2, 53
What are the prime factors of 2236?
2, 13, 43
List the prime factors of 10096.
2, 631
What are the prime factors of 5817?
3, 7, 277
List the prime factors of 18590.
2, 5, 11, 13
What are the prime factors of 2541?
3, 7, 11
List the prime factors of 61858.
2, 157, 197
List the prime factors of 2701.
37, 73
What are the prime factors of 4938?
2, 3, 823
What are the prime factors of 19328?
2, 151
List the prime factors of 7793.
7793
What are the prime factors of 89078?
2, 11, 4049
What are the prime factors of 4453?
61, 73
What are the prime factors of 97688?
2, 12211
List the prime factors of 32220.
2, 3, 5, 179
What are the prime factors of 8882?
2, 4441
What are the prime factors of 7572?
2, 3, 631
List the prime factors of 42047.
19, 2213
List the prime factors of 1025.
5, 41
What are the prime factors of 3941?
7, 563
What are the prime factors of 1061?
1061
List the prime factors of 49482.
2, 3, 2749
List the prime factors of 97363.
7, 1987
What are the prime factors of 596?
2, 149
What are the prime factors of 636?
2, 3, 53
List the prime factors of 15985.
5, 23, 139
What are the prime factors of 62702?
2, 107, 293
List the prime factors of 19472.
2, 1217
What are the prime factors of 571?
571
What are the prime factors of 2178?
2, 3, 11
List the prime factors of 1245.
3, 5, 83
What are the prime factors of 13012?
2, 3253
What are the prime factors of 119572?
2, 167, 179
List the prime factors of 1567.
1567
What are the prime factors of 927?
3, 103
What are the prime factors of 89280?
2, 3, 5, 31
List the prime factors of 8454.
2, 3, 1409
What are the prime factors of 15121?
15121
What are the prime factors of 54163?
54163
List the prime factors of 4067.
7, 83
List the prime factors of 35737.
13, 2749
List the prime factors of 14697.
3, 23, 71
What are the prime factors of 34202?
2, 7, 349
What are the prime factors of 842?
2, 421
What are the prime factors of 44976?
2, 3, 937
List the prime factors of 8480.
2, 5, 53
What are the prime factors of 413?
7, 59
List the prime factors of 687.
3, 229
List the prime factors of 556.
2, 139
What are the prime factors of 834?
2, 3, 139
What are the prime factors of 23774?
2, 11887
What are the prime factors of 880?
2, 5, 11
What are the prime factors of 9916?
2, 37, 67
What are the prime factors of 974?
2, 487
What are the prime factors of 3028?
2, 757
List the prime factors of 114857.
331, 347
What are the prime factors of 3133?
13, 241
What are the prime factors of 2057?
11, 17
What are the prime factors of 13705?
5, 2741
What are the prime factors of 1645?
5, 7, 47
List the prime factors of 732.
2, 3, 61
List the prime factors of 11519.
11519
List the prime factors of 37110.
2, 3, 5, 1237
List the prime factors of 21254.
2, 10627
What are the prime factors of 18552?
2, 3, 773
List the prime factors of 65931.
3, 21977
List the prime factors of 3110.
2, 5, 311
List the prime factors of 2377.
2377
What are the prime factors of 9?
3
List the prime factors of 6901.
67, 103
What are the prime factors of 34927?
53, 659
List the prime factors of 1202.
2, 601
List the prime factors of 60587.
43, 1409
List the prime factors of 1328.
2, 83
What are the prime factors of 5799?
3, 1933
What are the prime factors of 13671?
3, 7, 31
What are the prime factors of 6041?
7, 863
What are the prime factors of 2194?
2, 1097
What are the prime factors of 1172?
2, 293
List the prime factors of 4482.
2, 3, 83
List the prime factors of 3054.
2, 3, 509
What are the prime factors of 41?
41
List the prime factors of 67562.
2, 11, 37, 83
What are the prime factors of 160274?
2, 127, 631
List the prime factors of 750.
2, 3, 5
What are the prime factors of 2220?
2, 3, 5, 37
What are the prime factors of 2006?
2, 17, 59
What are the prime factors of 2823?
3, 941
What are the prime factors of 8807?
8807
List the prime factors of 28658.
2, 7, 23, 89
List the prime factors of 775.
5, 31
List the prime factors of 639.
3, 71
What are the prime factors of 1596?
2, 3, 7, 19
What are the prime factors of 8400?
2, 3, 5, 7
What are the prime factors of 178?
2, 89
List the prime factors of 4544.
2, 71
List the prime factors of 21366.
2, 3, 1187
What are the prime factors of 44820?
2, 3, 5, 83
List the prime factors of 42588.
2, 3, 7, 13
What are the prime factors of 113222?
2, 56611
List the prime factors of 4924.
2, 1231
List the prime factors of 967.
967
What are the prime factors of 1065?
3, 5, 71
List the prime factors of 6927.
3, 2309
List the prime factors of 7098.
2, 3, 7, 13
What are the prime factors of 1711?
29, 59
List the prime factors of 2433.
3, 811
List the prime factors of 12943.
7, 43
What are the prime factors of 503?
503
What are the prime factors of 3398?
2, 1699
List the prime factors of 63040.
2, 5, 197
What are the prime factors of 1860?
2, 3, 5, 31
What are the prime factors of 32581?
31, 1051
What are the prime factors of 64780?
2, 5, 41, 79
What are the prime factors of 9676?
2, 41, 59
What are the prime factors of 16866?
2, 3, 937
List the prime factors of 1823.
1823
List the prime factors of 30.
2, 3, 5
List the prime factors of 1686.
2, 3, 281
List the prime factors of 72.
2, 3
What are the prime factors of 50016?
2, 3, 521
List the prime factors of 26554.
2, 11, 17, 71
List the prime factors of 808.
2, 101
What are the prime factors of 13601?
7, 29, 67
List the prime factors of 3293.
37, 89
What are the prime factors of 8270?
2, 5, 827
What are the prime factors of 8606?
2, 13, 331
List the prime factors of 10226.
2, 5113
List the prime factors of 9697.
9697
List the prime factors of 20458.
2, 53, 193
What are the prime factors of 44?
2, 11
What are the prime factors of 909?
3, 101
List the prime factors of 12479.
12479
List the prime factors of 47415.
3, 5, 29, 109
What are the prime factors of 9629?
9629
What are the prime factors of 875?
5, 7
What are the prime factors of 10177?
10177
What are the prime factors of 11556?
2, 3, 107
What are the prime factors of 10317?
3, 19, 181
List the prime factors of 13505.
5, 37, 73
What are the prime factors of 347?
347
List the prime factors of 171664.
2, 10729
What are the prime factors of 105672?
2, 3, 7, 17, 37
List the prime factors of 489.
3, 163
List the prime factors of 12431.
31, 401
List the prime factors of 905.
5, 181
What are the prime factors of 62570?
2, 5, 6257
List the prime factors of 2202.
2, 3, 367
List the prime factors of 12138.
2, 3, 7, 17
List the prime factors of 17091.
3, 211
What are the prime factors of 10?
2, 5
What are the prime factors of 10777?
13, 829
What are the prime factors of 72533?
72533
What are the prime factors of 123450?
2, 3, 5, 823
List the prime factors of 307.
307
What are the prime factors of 3733?
3733
What are the prime factors of 10342?
2, 5171
What are the prime factors of 35894?
2, 131, 137
What are the prime factors of 888?
2, 3, 37
List the prime factors of 60098.
2, 151, 199
List the prime factors of 52.
2, 13
List the prime factors of 1092.
2, 3, 7, 13
List the prime factors of 24533.
24533
List the prime factors of 24283.
7, 3469
What are the prime factors of 11140?
2, 5, 557
What are the prime factors of 16511?
11, 19, 79
What are the prime factors of 16420?
2, 5, 821
What are the prime factors of 8826?
2, 3, 1471
List the prime factors of 11277.
3, 7, 179
List the prime factors of 29840.
2, 5, 373
List the prime factors of 7079.
7079
List the prime factors of 1686.
2, 3, 281
What are the prime factors of 4522?
2, 7, 17, 19
What are the prime factors of 1873?
1873
What are the prime factors of 7430?
2, 5, 743
List the prime factors of 39724.
2, 9931
List the prime factors of 2397.
3, 17, 47
List the prime factors of 29492.
2, 73, 101
What are the prime factors of 19196?
2, 4799
List the prime factors of 98151.
3, 32717
List the prime factors of 585.
3, 5, 13
What are the prime factors of 1293?
3, 431
List th